. Suppose 5*r = 3*z + 50, 2*r = -r - y*z + 30. Calculate the highest common factor of r and w.
5
Suppose 5*o = 127 - 32. Suppose 5*q = 3*f - o, -2*f = -0*f - 5*q - 6. Let r = f - 8. Calculate the greatest common factor of 40 and r.
5
Let i be 9/(-36) + 114/8. Let n be (-1)/(-7) + 222/i. What is the highest common factor of 144 and n?
16
Suppose 0 = -g + y + 109, 0*g = 4*g + 5*y - 436. Suppose 0 = -4*z - 61 + g. Calculate the greatest common divisor of 108 and z.
12
Let k be (18 - 19)/(5/(-75)). Calculate the greatest common factor of k and 1065.
15
Let g(j) = 78*j - 8. Let u be g(1). Suppose b - u = -5*z, b - 3*z - z - 106 = 0. What is the highest common divisor of b and 30?
30
Let x be 13/(-7 - 75/(-10)). Calculate the greatest common divisor of x and 26.
26
Suppose -34 + 49 = 3*h. Calculate the highest common divisor of 10 and h.
5
Let k(u) = 5*u**2 + 3*u - 2. Let m be k(1). Suppose -2*y = -m - 12. Let p be 2/(-2)*4 + 103. What is the highest common divisor of y and p?
9
Let x be (-10)/3*(-1989)/65. Suppose -c - x = -318. What is the greatest common factor of 24 and c?
24
Let c(w) = -w + 16. Let q be c(-16). Let y = 36 - q. Calculate the greatest common factor of y and 4.
4
Let b be 10/(-30) + (-16)/(-3). Suppose 0 = -2*n + b*r + 70, -76 = -3*n - 3*r + 29. What is the highest common factor of 140 and n?
35
Let s = 210 - 165. Calculate the greatest common factor of s and 18.
9
Suppose 2*b - 4*b + 1257 = 3*z, -2*b - 4*z + 1252 = 0. What is the greatest common factor of 12 and b?
12
Suppose 14*q + 19*q - 2541 = 0. What is the greatest common factor of 176 and q?
11
Let w(p) = -4 - 3*p**3 + 5*p**3 + 2*p + 3. Let s be w(1). Suppose -35 = s*f - 4*f. Calculate the greatest common factor of 14 and f.
7
Let q be 66/(-24)*-44 - -11. What is the greatest common factor of 52 and q?
4
Let i(x) = 12*x**2 + 21*x - 1. Let k be i(-3). What is the greatest common factor of k and 77?
11
Suppose -9*o + d = -13*o + 2654, -3*d = -6. Calculate the highest common divisor of o and 51.
51
Let d = 115 + -115. Let f be 3/(-3)*-1*3. Let q = f - d. What is the highest common divisor of q and 3?
3
Let w be ((-728)/(-455))/((-2)/(-25)). Let p(y) = -y**3 + y - 7*y**2 + y - 6*y - 8 - 9*y. Let t be p(-8). What is the greatest common factor of t and w?
20
Suppose -z - 7 = -5*t, -3*t - 2*z + 10 = -t. Suppose t*m = -29 + 205. Let u be (26/3 - 5)/(2/6). What is the greatest common factor of u and m?
11
Let f be (-2985)/(-21) + 4*(-5)/140. What is the highest common factor of 213 and f?
71
Let j(g) = g**2 + 6*g + 7. Let l be j(-6). Let b = l - 7. Suppose 0 = k - 2*k + 3*f + 2, b = 3*k - 3*f - 18. Calculate the highest common factor of 88 and k.
8
Suppose 0 = -2*u + 3*u - 23. Let y = -3 - -32. Let z = 52 - y. What is the highest common factor of u and z?
23
Let b be 84/22 - 2/(-11). Suppose -b*x + 172 = v, -2*v = -2*x - 0*x + 76. Calculate the greatest common divisor of 126 and x.
42
Let x = -242 - -248. What is the greatest common factor of 162 and x?
6
Let i be (2 - -64) + 4*(-15)/(-10). What is the greatest common factor of i and 162?
18
Let j = 60 - 6. Suppose t - j = 96. What is the highest common divisor of t and 60?
30
Let l(s) = 8*s - 3. Let d be 3*(-2 + (1 - 0)). Let j be (-2 - (-6 - d))*3. Let g be l(j). What is the highest common divisor of g and 105?
21
Let q be 10/(-5) - -6 - 1. Suppose q*h - 248 = 88. Let o be (-2)/(-5)*(-280)/(-7). What is the highest common factor of h and o?
16
Let r(o) = o**2 - 13*o + 120. Let x be r(14). Calculate the greatest common factor of x and 335.
67
Let w(u) = u**3 + 9*u**2 + 9*u + 10. Let v be w(-8). Let j be 2/(0 - v/(-33)). What is the greatest common factor of 11 and j?
11
Let q(w) = -w**2 + 8*w - 12. Let f be q(6). Suppose f = i - 3*r - 4 - 83, 0 = 2*i + 3*r - 129. What is the highest common divisor of i and 18?
18
Suppose -3*t + 161 = 146. Calculate the highest common divisor of 20 and t.
5
Let d be (504/(-10))/(-6)*5. Suppose 12 = 8*z - 6*z. Calculate the highest common factor of z and d.
6
Suppose 4 = -k + 26. Let a = 42 + -39. Suppose -a*x = -5*x + 3*z + 123, -2*z + 6 = 0. What is the greatest common factor of k and x?
22
Suppose 4*i + 4*f - 322 = 26, -2*f - 276 = -3*i. What is the greatest common factor of 20 and i?
10
Let y be 2/(-7) + (-970)/(-14). Suppose -5*c + 3*d = -115, -23 = 5*c - 6*c - 5*d. What is the highest common factor of y and c?
23
Let g(o) = o**2 - 15. Let b(k) = -k**2 + 16. Let h(f) = 2*b(f) + 3*g(f). Let y be h(-5). Let c = 3 - -9. What is the highest common factor of y and c?
12
Let t(w) = 12 + 11*w - 26 - 7. Let g be t(7). Let k(i) = -i**3 - 4*i**2 - 2*i - 1. Let c be k(-4). Calculate the highest common factor of g and c.
7
Suppose -61 = -6*t + 5. Calculate the greatest common factor of 209 and t.
11
Let y be (8 + -260)/(-6) + 5. What is the highest common divisor of y and 517?
47
Let n be (110/33)/((-2)/3) + 46. Calculate the highest common factor of n and 1.
1
Let d(u) = -u**3 + 10*u**2 - u + 12. Let f be d(10). Suppose 4*j - 74 - f = 0. Let k = -14 + j. Calculate the greatest common divisor of k and 20.
5
Let d(a) = 14*a - 1055. Let j be d(76). What is the highest common divisor of 2943 and j?
9
Let i = 106 - -137. Suppose 898 = 5*y - 5*h + i, 530 = 4*y + 2*h. Calculate the greatest common divisor of y and 12.
12
Let l = 79 + 11. Suppose -8 = 2*j + 2*j, 5*j + l = 2*x. Suppose q - 3 = 5. What is the greatest common factor of x and q?
8
Let n(d) = -d**2 + 9*d - 9. Let s be n(5). Suppose 0 = -27*u + 30*u - 33. Calculate the highest common divisor of u and s.
11
Let d(s) = 20*s**2 - 21*s + 34. Let g be d(4). Calculate the highest common divisor of 20 and g.
10
Suppose 5*i - 145 = -18*d + 15*d, 4*d - 184 = -2*i. Let h = 45 + -8. Let m = h - 22. Calculate the highest common divisor of m and d.
15
Let f(z) = -2*z**2 - 22*z + 10. Let t be f(-11). Suppose 0 = -5*w - 57 + 257. Calculate the highest common factor of t and w.
10
Let u(c) = c**3 + c**2 - 80*c - 20. Let s be u(-6). Calculate the greatest common factor of s and 420.
140
Let n = -133 + 232. Calculate the greatest common factor of n and 44.
11
Suppose 0*w = -4*w - 24. Let a be 37/w - (-6)/36. Let k(c) = c**2 + 3*c - 3. Let p be k(a). Calculate the greatest common divisor of 15 and p.
15
Suppose 6*f - 246 = 42. Let h = -18 + f. What is the highest common factor of h and 330?
30
Suppose -141*n = -155*n + 16492. What is the greatest common factor of 152 and n?
38
Let g = -638 + 988. What is the highest common factor of g and 105?
35
Let h = -37 + 49. Calculate the greatest common divisor of 12 and h.
12
Let x be (((-3498)/4)/(-1))/(3/4). Calculate the greatest common factor of x and 318.
106
Let z be 56 + -1 + 0 + 0. Let h be ((-440)/70)/((4/(-7))/2). Calculate the greatest common factor of h and z.
11
Let o be -1 + 1 - (-96)/4. Let z = -11 - -13. Suppose -z*w = a - 7 - 25, a + 4*w - 28 = 0. What is the highest common factor of a and o?
12
Let c be -6*(2/(-3) - (-95)/(-30)). Calculate the highest common factor of 115 and c.
23
Let v(t) = -17*t + 31. Let g(k) = -4*k**2 - 7*k + 8. Let w be g(-3). Let x be v(w). What is the greatest common factor of x and 30?
30
Let x(z) = -z**2 + 8*z - 11. Let q be x(5). Suppose q*d - 4*l = 52, 2*d + 2*l - 2 = 4. Calculate the highest common factor of d and 1.
1
Suppose 34*h - 4381 = -1151. What is the greatest common factor of 19 and h?
19
Let t = 38 + -19. Suppose -625 = -3*o - 2*i, i - 1501 = -5*o - 457. What is the greatest common divisor of o and t?
19
Let j be 35/(-7) + 9 + -2. Suppose j*v = 3*v - 264. What is the greatest common factor of v and 24?
24
Let j(o) = o**2 + 11*o + 6. Let b be j(-4). Let p = b + 36. What is the highest common factor of p and 42?
14
Let v(q) = 2*q**3 - 9*q**2 + 10*q - 1. Let y be v(1). Calculate the highest common factor of 1 and y.
1
Let y be 0 + 4*(-36)/8. Let p be (-3*1)/(y/360). What is the highest common divisor of 12 and p?
12
Let b(y) = 19*y - 74. Let k be b(6). What is the greatest common divisor of 16 and k?
8
Let g(v) = v**3 - 5*v**2 + 2. Let p be g(5). Let m(o) = -o**p - 2*o + o**2 + 8 - 3*o + 2*o**2. Let k be m(4). What is the highest common divisor of 30 and k?
10
Let p = 364 - 332. Calculate the highest common factor of 6 and p.
2
Let g(n) = -7*n - 3. Let c be g(-4). Let r(w